+ 16. Calculate the remainder when k is divided by 1 - 6/(-9)*6.
2
Suppose 273 + 3677 = 4*v + 2*g, 3*v = 2*g + 2966. What is the remainder when v is divided by 90?
88
Suppose -9 = -3*z + 5*h - 3, -5*z - 4*h + 10 = 0. Suppose z*n + n = 123. What is the remainder when n is divided by 14?
13
Suppose -4*g = -3*x - 277, -5*x + 149 - 494 = -5*g. Calculate the remainder when g is divided by 15.
10
Let i(v) = -19*v + 7. Let a be i(-4). Suppose k = -r + 49, 0 = -2*r + 4*k + a - 9. Calculate the remainder when r is divided by 12.
9
Let b(w) = -2*w**3 - 2*w**2 + w - 2. Let r be b(-2). Suppose -o - r*s = -0*o + 6, 3*o = -5*s + 10. Let t = o + -9. What is the remainder when 4 is divided by t?
0
Let v(x) = 2*x**2 - 31*x - 104. Let f(s) = -s**3 + 5*s**2 - 3*s + 6. Calculate the remainder when v(19) is divided by f(4).
9
Let n = -256 - -290. What is the remainder when n is divided by -1*((-22)/2 + 2)?
7
Let k(c) = c**3 - 3*c**2 - 4. Suppose -18 = 7*i - 74. Let w be i + -8 + 4 + 0. What is the remainder when 22 is divided by k(w)?
10
Let n = -25 - -48. Let j = 343 - 601. Calculate the remainder when (5/(-15))/(2/j) is divided by n.
20
Let d = 216 - -136. Calculate the remainder when d is divided by 91.
79
Let c(t) = -2*t + 45. Let d be 0/(1/((-3)/9)). Calculate the remainder when c(d) is divided by 12.
9
Suppose 3*z - 153 = 5*f, -12 = -3*f + 7*f. Let p = 19 - 10. Suppose -4*t - p = -3*u, -51 + 13 = -5*u - t. Calculate the remainder when z is divided by u.
4
Suppose 284 = 2*x + 4*u, -5*x - 2*u + 426 = -2*x. Let o(s) = -5*s + 14. What is the remainder when x is divided by o(-3)?
26
Let l be -10*(-3 + 3 - (-1)/(-1)). Let y = l - 2. What is the remainder when 14 is divided by y?
6
What is the remainder when (4 + -16)/(-4) - -105 is divided by (30/(-20))/(3/(-56))?
24
Suppose -4*f + 4*k + 18 + 50 = 0, -2*k - 10 = 0. Let y(v) = 36*v + 215. Calculate the remainder when y(-4) is divided by f.
11
Let f(c) = -c**2 + 6*c - 5. Let t be f(4). Suppose o - 95 = -h + 4*o, -t*o - 407 = -4*h. What is the remainder when h is divided by 35?
34
What is the remainder when 11 is divided by (-13)/(-8) - (-225)/600?
1
Suppose 2*l = 2*s - 40, -s + 18 = 6*l - 5*l. What is the remainder when 297 is divided by s?
12
Suppose 26*k + 1089 = 59*k. Calculate the remainder when k is divided by 19.
14
Suppose -5*j = -2*j - 27. Suppose 0 = -h, y - 3*h + j = 2*y. What is the remainder when 11 is divided by y?
2
Let y(v) = -26*v**2 + 2*v + 1. Let o be y(-1). Let x = o - -42. What is the remainder when 59 is divided by x?
14
Let k(v) = -v**2 + 23*v + 156. Calculate the remainder when 102 is divided by k(27).
6
Let a(x) = 504*x**3 - x**2 - 4*x + 4. What is the remainder when a(1) is divided by 36?
35
Suppose 6 = 2*x - 42. Let m = x - 24. Suppose -4*z + 32 - 4 = m. Calculate the remainder when 12 is divided by z.
5
Suppose 0 = -2*l + l + 2. Suppose -18 + 22 = l*s. Suppose 5*v = -4*u + 2*v + 43, s*u - 29 = v. What is the remainder when u is divided by 5?
3
Suppose -v + 19 = 25. Suppose 26 = 2*n - 8. What is the remainder when (-130)/(-4) + (-3)/v is divided by n?
16
What is the remainder when 543 is divided by 8 + 1 - 108/(-9)?
18
Let o(y) = -13*y + 1. Let u(q) = 2*q**2 + 2. Let a be u(2). Let s(z) = -z + 9. Let t be s(a). Calculate the remainder when 40 is divided by o(t).
12
Let v(z) = -z - 1. Let w be v(-3). Suppose -w = -o - 6. What is the remainder when 50 is divided by -34*(-1)/o*-2?
16
Let y = 1132 + -853. Calculate the remainder when y is divided by 42.
27
Let u = -26 - -28. Suppose u*r + 2 = -3*b + 21, -5*r = 3*b - 25. What is the remainder when b is divided by 3?
2
Let l(b) = b**3 - 5*b**3 - 2 + b - b**2 + 6 - 2. Let x be l(-1). What is the remainder when x - (4 + -3)*-82 is divided by 22?
20
Let l(w) = 5*w**2 + 2*w - 2. Let q(t) = 34 - 4 - 2*t + 5*t + 44. Calculate the remainder when q(-11) is divided by l(2).
19
Suppose -2*n + 4*z = -6, 13*n + 9 = 8*n - 2*z. Let g = 15 - n. What is the remainder when 75 is divided by g?
11
Let a = 672 - 579. What is the remainder when a is divided by 33?
27
Let s(f) be the first derivative of -f**4/4 + 4*f**3/3 - 3*f**2/2 + 11*f - 30. Calculate the remainder when 85 is divided by s(3).
8
Let g(d) be the second derivative of d**4/3 - 22*d**2 - 19*d. Calculate the remainder when g(7) is divided by 31.
28
Let v(g) = -3*g - 1. Let d be v(3). Let p(r) = -r**3 - 9*r**2 + 8*r + 11. What is the remainder when p(d) is divided by 5*(4 - 45/25)?
9
Let i(l) = l**2 + 5*l - 6. Let h be i(-5). Let v = h + 16. What is the remainder when v is divided by 4?
2
Let u(o) = 5*o - 8. Let p be u(-11). What is the remainder when (-3123)/p + (-4)/7 is divided by 17?
15
Let o = -10 + 12. What is the remainder when 37 is divided by (-1 + o)*25/5?
2
Suppose -10*l = -189 - 41. Suppose l = 3*g + 2*u, 43 = 2*g + g - 2*u. Calculate the remainder when 645/21 + (-4)/(-14) is divided by g.
9
Calculate the remainder when (9/15 + -2)/(15/(-3525)) is divided by 11.
10
Suppose 5*l + 0 = 65. Calculate the remainder when 46 is divided by l.
7
Suppose 2*w = -2, -19*c = -18*c + 4*w - 10. Calculate the remainder when 167 is divided by c.
13
Suppose 1456 = 193*p - 3562. Suppose c + c - 8 = 0. Suppose -x + c + 6 = 0. What is the remainder when p is divided by x?
6
Let k be 1 + (-2 - 1 - -4). Suppose 5*q = 3*v + v + 116, -2*q + 32 = k*v. Let u(i) = -18*i + 2. What is the remainder when u(-2) is divided by q?
18
What is the remainder when 212 is divided by -4 + (-78)/(-3) + 5?
23
Let y(m) = 6*m**2 - 28*m - 59. Calculate the remainder when 503 is divided by y(-2).
20
Suppose -4*j + 9*j - 15 = 0. Suppose 66 = -0*f + j*f. Suppose -3 = -2*a + 13. Calculate the remainder when f is divided by a.
6
Let h = 14 + -12. Suppose h*u - 15 = -u. Suppose -u*v = 4*p - 301, -4*v + 33 + 199 = p. Calculate the remainder when v is divided by 20.
17
Let t = 190 - 169. Calculate the remainder when 4/18 - (-1076)/18 is divided by t.
18
Let m = 23 - 10. Let p = m + -1. Calculate the remainder when 18 is divided by p.
6
Let o = 199 - 178. What is the remainder when o is divided by 12?
9
Let c = 83 - 59. Calculate the remainder when 110 is divided by c/(-20)*(-210)/9.
26
Calculate the remainder when 119 is divided by ((-18)/(-21))/((-1)/(-28)).
23
Suppose -377 = 8*q - 601. Calculate the remainder when 68 is divided by q.
12
Let a(k) be the second derivative of -k**5 - k**4/12 + k**3/6 + k**2 + 20*k. Calculate the remainder when 76 is divided by a(-1).
16
Suppose 1999 = 51*k - 551. Calculate the remainder when 1046 is divided by k.
46
Suppose -3*n = 2*x - 196, -3*n - 3*x = -86 - 112. Calculate the remainder when 82 is divided by n.
18
Suppose 12*s - 2 - 22 = 0. Suppose 3*j - 156 = 5*i, -s*i - 52 = -j - 5*i. Suppose -p + 2 = -12. What is the remainder when j is divided by p?
10
Suppose -h = 2*h - 6. Suppose 0 = -12*c + 8 + 40. Let y = c - h. What is the remainder when y is divided by 2?
0
Let a = -331 - -363. Calculate the remainder when 62 is divided by a.
30
Let q(y) = y**2 + y - 7. Let d be (-1 + -1 + -3)*-1. What is the remainder when q(d) is divided by 12?
11
Let g = -41 + 61. Let l(k) = -80*k - 2. Calculate the remainder when l(-1) is divided by g.
18
Suppose -19 - 6 = -5*n. Suppose g = -1 + n. Suppose 3*j + 45 = -3*f + g*f, -3*f + 4*j = -155. Calculate the remainder when f is divided by 15.
12
Let l(u) = -u**3 + 13*u**2 + 20*u - 9. Calculate the remainder when l(7) is divided by 48.
41
Let w(t) = 10*t + 42. Let s be w(-7). What is the remainder when 78 is divided by (2*1)/((-203)/s - 7)?
6
Suppose 4*s - 3530 + 2566 = 0. What is the remainder when s is divided by 13?
7
Let p(r) = r**2 + 28*r + 121. Suppose x - 8 - 21 = 0. What is the remainder when x is divided by p(-5)?
5
Let j be 12*(-4 - -7 - 2). Calculate the remainder when 65 is divided by 3 + j/(-4) + 18.
11
Let n = 39 + 25. Let x = n - -27. Calculate the remainder when x is divided by 23.
22
Let t(s) = 49*s**3 - s. Let w(o) = 8*o + 194. Calculate the remainder when t(1) is divided by w(-23).
8
Let i = 320 - 182. Let q = i + -75. Calculate the remainder when q is divided by 32.
31
Suppose 2*t - 105 = -29. Suppose 5*m + 4*u + t = 4, -3*m - 2*u - 20 = 0. Calculate the remainder when (-3)/m*(8 - -2) is divided by 4.
1
Suppose 4*l - 4*y = 152, -8 = 2*y - 4. Calculate th